se 17*o - 5070 = 2*o. List the prime factors of o.
2, 13
Suppose -4*b = -8*b + 20. Suppose -2*j - i = j - 267, 2*j - b*i = 178. What are the prime factors of j?
89
Let f(z) = -2*z - 20. Let r be f(-11). Suppose -r*a - 216 = -8*a. What are the prime factors of a?
2, 3
Suppose -3*s + 1698 + 198 = 0. List the prime factors of s.
2, 79
What are the prime factors of (17993/57)/((-3)/(-9))?
947
Suppose 730 = 4*f + 2*x, 5*f + 0*x = -2*x + 914. Let u = f - 80. What are the prime factors of u?
2, 13
Let o be (-7)/(-2)*(-96)/(-84). Suppose o = -w + 2*w. What are the prime factors of w?
2
Suppose -91 = -2*o - d, 5*o + 4*d + 25 = 257. Suppose -5*j + o = -6. Suppose -k + q = -5*k + 79, 2*q + j = 0. List the prime factors of k.
3, 7
Let v be (27 - (3 - 6))/1. Suppose 5*a - v + 5 = 0. Suppose 2*i = 6*r - r + 41, a*r = -3*i + 24. List the prime factors of i.
13
Let j(w) = -w + 10. Let b be j(9). Let n(g) = 2*g**3 + g - 1. Let m be n(b). Suppose 140 = m*d + 3*d. What are the prime factors of d?
2, 7
Let s = 146 + -75. Let w = s - -77. List the prime factors of w.
2, 37
Let f(b) = -23*b - 62. Suppose s + 2*u = -7, -3*s + 2*u - 7*u - 25 = 0. What are the prime factors of f(s)?
283
Suppose r = -r. Suppose r = -0*t + 6*t - 462. Let y = t - 42. What are the prime factors of y?
5, 7
Let p = -18 - -54. What are the prime factors of ((-54)/p)/(1/(-6))?
3
Let y(t) = -1 - t**3 + 5 + 6 - 2*t + 5*t - t**2. What are the prime factors of y(-4)?
2, 23
Let y = -202 - -115. List the prime factors of 7 - (4 + -2) - y.
2, 23
Let x be (-2)/(-6) + -1 - 232/(-6). Let v = x + 89. List the prime factors of v.
127
Let d(n) = -5*n**2 - n - 4*n**3 + 3*n**2 + 3*n**3. Let v(s) = s**3 + 8*s**2 - 9*s - 3. Let t be v(-9). List the prime factors of d(t).
2, 3
Let y(u) = -14*u - 3. Let c be y(-3). Let i = c - 26. Let h = i + -4. What are the prime factors of h?
3
Let h = 26 + -7. Let m = h + -15. Suppose 16 = -0*b + m*b. What are the prime factors of b?
2
List the prime factors of ((-22)/(-8))/((21/68)/21).
11, 17
Let n be 0 - 2*(-6)/4. Let g(y) = 8*y**2 + 2*y. Let c be g(-4). Suppose 5*p + 5*l = c, -3*l + 7*l = n*p - 58. List the prime factors of p.
2, 11
Suppose 29 = 3*u + 2. Suppose -2*i = 2*m - 20, 3*m - i + u = 47. Let d(r) = 2*r - 2. What are the prime factors of d(m)?
2, 11
Suppose 2*p = -2*p - 4. List the prime factors of 10/20*(p - -115).
3, 19
Suppose -4*a = -10 - 2. Suppose -2*c = -4*o + 2, -c + 2*o = a*c - 8. Suppose t = -c*t + 132. What are the prime factors of t?
3, 11
List the prime factors of 919 - 6*6/(-12).
2, 461
Let l(q) = q**3 - 2*q**2 - 3*q + 3. Let h be 2 - (4 - 3)*-1. Let s be l(h). Suppose s*o = -0*o + 75. What are the prime factors of o?
5
Let i(w) = -w + 5*w - 2*w**2 - 4*w**3 + 2 - 4*w + w. Let d be (-5)/2 + 1/2. What are the prime factors of i(d)?
2, 3
Let w = 461 - -186. List the prime factors of w.
647
List the prime factors of 113512/48 - ((-86)/12 - -7).
5, 11, 43
Let f be 0 + (2 + -2)/5. Suppose -k - 40 = -n - 6*k, 5*n + k - 272 = f. What are the prime factors of n?
5, 11
Let r = 4 + 5. Let x(p) = -8*p**3 - 2*p - 3*p + 0 + r*p**2 + 2 + 7*p**3. List the prime factors of x(8).
2, 13
Suppose -428 = -3*l - 5*a, l - 140 - 4 = -a. Let n = -95 + l. What are the prime factors of n?
3, 17
Let n(r) = r**3 - 4*r**2 + 3*r - 7. Let z be n(4). Suppose 25 = z*g + 5*q, -4*g + 0*g + 21 = 5*q. What are the prime factors of g?
2
Suppose 0 = 6*f - 2851 - 581. List the prime factors of f.
2, 11, 13
Let v = -458 - -636. List the prime factors of v.
2, 89
Let g(u) = -21*u**3 - 10*u**2 - 22*u - 17. What are the prime factors of g(-4)?
5, 251
Let f(c) = -c**3 + 6*c**2 + 9*c - 11. Let m be f(7). Let w(t) = 0*t + m*t + 1 - 46*t**3 + 2*t - 3*t + t**2. What are the prime factors of w(-1)?
2, 23
Suppose 0 = -a - 3*a + 4*z + 3312, 5*z = -5*a + 4190. What are the prime factors of a?
7, 17
Suppose 4*t - 1413 = 3*z - 6*z, -t = -4*z + 1865. What are the prime factors of z?
467
Let v(s) = s**3 - 15*s**2 + 18*s + 7. Let u be v(15). Suppose 0 = 4*q + y - 222, -q - 4*q + u = y. What are the prime factors of q?
5, 11
What are the prime factors of 5 - (6 - 3) - (0 - 32)?
2, 17
Suppose -5*n + 19 = -b, 5*n + b + 1 = -3*b. Suppose 14 = n*m - 13. What are the prime factors of m?
3
Let l = 75 + 111. Let u = l - 53. What are the prime factors of u?
7, 19
Let u(y) = 5*y - 8. Let l be u(6). Suppose 4*d - l = -2*k, 0*d = -2*k + d + 47. Suppose 2*q + q = k. What are the prime factors of q?
7
Let v be (20/14)/((-16)/(-224)). Suppose 0 = 5*b + v, r - 4*b - 10 = -2*b. Suppose -r*i = 3*z - 99, 0 = 5*i - z - 0*z - 290. What are the prime factors of i?
3, 19
List the prime factors of ((-2584)/(-1938))/(-1 - 4450/(-4449)).
2, 1483
Let a(r) = -5*r + 1. Let h be a(1). Let j = -11 + h. List the prime factors of (-24)/j*(-5)/(-2).
2
Let y(v) = 16*v + 239. List the prime factors of y(13).
3, 149
Let w be 24/9*21/14. Suppose 18*b - 2086 = w*b. List the prime factors of b.
149
Let y be (2 - -1) + 3 + 117. Let l = -48 + y. What are the prime factors of l?
3, 5
Let k be 42/(-35)*10/(-4). Suppose k*m = 5*g + m - 125, 5*g + m - 125 = 0. Suppose d = 2*d - g. What are the prime factors of d?
5
Suppose 0 = -3*l + 2*l + 3. Suppose -l*r = 4*v - 147, 0*v + 3*r = -5*v + 180. Suppose -v = -5*w + 67. What are the prime factors of w?
2, 5
Let r = -142 + 185. What are the prime factors of r?
43
Let k(r) = 2472*r**3 + 2*r - 3. What are the prime factors of k(1)?
7, 353
Let o = 1421 - 741. Suppose -2*w + 7*w - o = 0. What are the prime factors of w?
2, 17
Let k(j) = j - 1. Let s be k(1). Suppose s = -5*n + 5*a, -3*n + 5*a + 0*a - 10 = 0. Suppose -n*u = -2*t + 38, -t - 34 = -3*t + 3*u. List the prime factors of t.
2, 7
Suppose -3 = -2*a + 1. Suppose -2*u - 111 = -3*h + 2*u, -4*h + a*u + 158 = 0. List the prime factors of h.
41
List the prime factors of 615/2*(15 + 609/(-63)).
2, 5, 41
Let f be ((-6)/(-4))/((-1)/(-2)). Suppose -12 = f*a - 0. Let u(j) = 3*j**2 + j - 2. What are the prime factors of u(a)?
2, 3, 7
Suppose 0 = o - 2*o + 4, 5*z - 4*o = 5929. List the prime factors of (z/(-87))/(2/(-18)).
3, 41
Let k(t) = 7*t - 11*t**2 + 11*t**3 + 17*t**2 - 12*t**3 + 8. List the prime factors of k(7).
2
Suppose -v = -2*a - 353, -2*a + 369 = v - 0*a. Suppose v = 5*s - 39. Suppose -5*f = 3*r - s, f + 5*r + 64 = 5*f. List the prime factors of f.
2
Let a = 76 + -161. Let w = 7 - a. What are the prime factors of w?
2, 23
Let k(s) = -8*s**3 - 3*s**2 - s + 1. Let l be (-98)/35 - 4/(-5). List the prime factors of k(l).
5, 11
Let i(j) = -83*j**3 - j - 2. Let h be 0 - ((-2 - -2) + 1). Let r be i(h). Suppose 0 = 4*v - 8, r = 4*f - 2*v + 3*v. What are the prime factors of f?
2, 5
Suppose a + a = 8. Let r(p) be the first derivative of p**4/4 - 2*p**3/3 + 7*p**2/2 - 5*p - 80. List the prime factors of r(a).
5, 11
Let r(t) = 5*t**2 - 32*t - 4. Let s(q) = q**2 - 8*q - 1. Let w(i) = -2*r(i) + 9*s(i). Let o = -27 + 20. What are the prime factors of w(o)?
2, 3
Let b = -741 + 1272. What are the prime factors of b?
3, 59
Suppose s + 4*r - 205 = 0, -5*r = -3*s + 368 + 264. List the prime factors of s.
11, 19
Let i = -52 - 413. Let x = 743 + i. What are the prime factors of x?
2, 139
Suppose -t + 6*t = 3*g - 647, 0 = 4*g + t - 901. Suppose 0 = -2*h - 2*p - 3*p + g, -353 = -3*h + p. List the prime factors of h.
3, 13
Suppose 0 = -73*i + 21362 + 33607. What are the prime factors of i?
3, 251
Let h(l) = 6*l - l + 13*l + 36 + l**2 + 13. What are the prime factors of h(-20)?
89
Let d = 543 + -432. List the prime factors of d.
3, 37
Suppose 60*o = 15165 + 147135. What are the prime factors of o?
5, 541
Let u = -123 + 117. What are the prime factors of (-120)/u*12/10?
2, 3
Suppose 5*w + 11*r = 10*r + 8776, -8768 = -5*w - 3*r. What are the prime factors of w?
2, 439
Suppose -155*f + 152*f + 435 = 0. List the prime factors of f.
5, 29
Let k = 21 - 21. Suppose 2*g + 12 = -2*g, k = z - 5*g - 88. List the prime factors of z.
73
Let c = -5 + 10. Suppose -126 = -3*f + 5*b, -b + 202 = c*f - 8. List the prime factors of f.
2, 3, 7
Suppose 2*a - 9 = 4*l - l, -l = 5*a - 14. Suppose -2*d + 5 = -5. Suppose d*v - a*u - 75 = 0, -5*v + 5*u + 137 = 52. List the prime factors of v.
2, 3
Suppose -83 = 2*q - 75. What are the prime factors of (-20)/q*-3*-6?
2, 3, 5
Let k be (-1 - -4) + (-12)/2.